he hundred thousands digit of 11398577?
3
What is the hundreds digit of 9640565?
5
What is the units digit of 910275?
5
What is the hundred thousands digit of 118779?
1
What is the tens digit of 120195?
9
What is the thousands digit of 291795?
1
What is the hundred thousands digit of 764783?
7
What is the thousands digit of 22324?
2
What is the thousands digit of 743546?
3
What is the ten thousands digit of 841037?
4
What is the units digit of 16911?
1
What is the millions digit of 12021115?
2
What is the ten thousands digit of 2632041?
3
What is the ten thousands digit of 40142?
4
What is the units digit of 489567?
7
What is the tens digit of 1625820?
2
What is the hundred thousands digit of 15049844?
0
What is the ten thousands digit of 41654?
4
What is the hundred thousands digit of 1526130?
5
What is the tens digit of 3968306?
0
What is the millions digit of 10193808?
0
What is the hundreds digit of 516721?
7
What is the millions digit of 12936383?
2
What is the hundreds digit of 1166182?
1
What is the hundreds digit of 4466558?
5
What is the thousands digit of 6433504?
3
What is the hundreds digit of 1291156?
1
What is the thousands digit of 1847616?
7
What is the hundreds digit of 119371?
3
What is the ten millions digit of 18351452?
1
What is the units digit of 982032?
2
What is the tens digit of 3885147?
4
What is the hundreds digit of 316602?
6
What is the thousands digit of 89213?
9
What is the thousands digit of 358216?
8
What is the tens digit of 613999?
9
What is the thousands digit of 7944?
7
What is the units digit of 419312?
2
What is the ten thousands digit of 280792?
8
What is the units digit of 87819?
9
What is the units digit of 3896528?
8
What is the hundreds digit of 110440?
4
What is the tens digit of 133531?
3
What is the ten thousands digit of 6879659?
7
What is the units digit of 505122?
2
What is the hundreds digit of 31067?
0
What is the ten thousands digit of 137760?
3
What is the ten thousands digit of 276268?
7
What is the hundreds digit of 233496?
4
What is the units digit of 6733968?
8
What is the units digit of 399609?
9
What is the units digit of 500947?
7
What is the thousands digit of 12066447?
6
What is the hundreds digit of 257672?
6
What is the millions digit of 20805334?
0
What is the units digit of 1909883?
3
What is the thousands digit of 673632?
3
What is the thousands digit of 2372329?
2
What is the thousands digit of 29285089?
5
What is the tens digit of 10730298?
9
What is the units digit of 321698?
8
What is the units digit of 31434?
4
What is the units digit of 1009450?
0
What is the ten thousands digit of 838823?
3
What is the units digit of 183743?
3
What is the tens digit of 4310561?
6
What is the tens digit of 2170547?
4
What is the tens digit of 276116?
1
What is the hundreds digit of 8519356?
3
What is the hundred thousands digit of 3275456?
2
What is the thousands digit of 1329619?
9
What is the ten thousands digit of 720052?
2
What is the millions digit of 1277934?
1
What is the tens digit of 142540?
4
What is the thousands digit of 221195?
1
What is the hundred thousands digit of 981396?
9
What is the ten thousands digit of 804666?
0
What is the units digit of 1476104?
4
What is the units digit of 645604?
4
What is the tens digit of 390534?
3
What is the tens digit of 165907?
0
What is the hundreds digit of 7380086?
0
What is the thousands digit of 555569?
5
What is the tens digit of 1964514?
1
What is the thousands digit of 6791248?
1
What is the millions digit of 8804887?
8
What is the units digit of 216843?
3
What is the thousands digit of 283168?
3
What is the hundred thousands digit of 1369470?
3
What is the units digit of 162474?
4
What is the hundred thousands digit of 3362782?
3
What is the units digit of 836257?
7
What is the ten thousands digit of 2183553?
8
What is the thousands digit of 4548883?
8
What is the hundreds digit of 1579533?
5
What is the ten thousands digit of 1567107?
6
What is the units digit of 1546541?
1
What is the millions digit of 1832006?
1
What is the tens digit of 6428081?
8
What is the units digit of 127691?
1
What is the millions digit of 5851623?
5
What is the hundred thousands digit of 536905?
5
What is the thousands digit of 677393?
7
What is the millions digit of 4749822?
4
What is the hundred thousands digit of 625795?
6
What is the thousands digit of 622233?
2
What is the thousands digit of 372662?
2
What is the units digit of 991678?
8
What is the tens digit of 4978847?
4
What is the hundred thousands digit of 2621244?
6
What is the ten thousands digit of 144217?
4
What is the hundreds digit of 21957374?
3
What is the hundreds digit of 30320109?
1
What is the ten thousands digit of 6340918?
4
What is the hundreds digit of 130660?
6
What is the millions digit of 5183359?
5
What is the hundreds digit of 762010?
0
What is the units digit of 948826?
6
What is the tens digit of 21965062?
6
What is the ten thousands digit of 72494?
7
What is the hundred thousands digit of 530773?
5
What is the tens digit of 1193562?
6
What is the thousands digit of 10787861?
7
What is the ten thousands digit of 2221566?
2
What is the units digit of 757203?
3
What is the millions digit of 1831056?
1
What is the millions digit of 2015901?
2
What is the ten thousands digit of 850272?
5
What is the thousands digit of 2568648?
8
What is the hundred thousands digit of 755761?
7
What is the ten thousands digit of 13123841?
2
What is the ten thousands digit of 4792485?
9
What is the units digit of 5020123?
3
What is the tens digit of 324841?
4
What is the ten thousands digit of 399167?
9
What is the tens digit of 1144481?
8
What is the ten thousands digit of 8759054?
5
What is the ten millions digit of 21685789?
2
What is the thousands digit of 205034?
5
What is the hundreds digit of 1208872?
8
What is the hundreds digit of 237501?
5
What is the ten thousands digit of 2417774?
1
What is the hundreds digit of 1579?
5
What is the tens digit of 352208?
0
What is the tens digit of 49694?
9
What is the ten thousands digit of 2329676?
2
What is the tens digit of 1459961?
6
What is the tens digit of 191419?
1
What is the tens digit of 4776882?
8
What is the tens digit of 14342992?
9
What is the ten thousands digit of 11641699?
4
What is the tens digit of 3456787?
8
What is the units digit of 3529872?
2
What is the ten thousands digit of 1911245?
1
What is the ten thousands digit of 227691?
2
What is the thousands digit of 347173?
7
What is the ten thousands digit of 2661814?
6
What is the ten thousands digit of 236708?
3
What is the tens digit of 3728695?
9
What is the units digit of 2600880?
0
What is the ten millions digit of 28709039?
2
What is the units digit of 2689499?
9
What is the hundreds digit of 1278030?
0
What is the tens digit of 4157353?
5
What is the ten thousands digit of 200621?
0
What is the thousands digit of 1978201?
8
What is the thousands digit of 191396?
1
What is the hundreds digit of 848401?
4
What is the units digit of 81321?
1
What is the units digit of 9102053?
3
What is the thousands digit of 438463?
8
What is the thousands digit of 1357799?
7
What is the hundreds digit of 4007655?
6
What is the thousands digit of 3309?
3
What is the millions digit of 1960801?
1
What is the ten thousands digit of 326678?
2
What is the hundreds digit of 69115?
1
What is the tens digit of 1575100?
0
What is the ten millions digit of 11831595?
1
What is the tens digit of 1853824?
2
What is the tens digit of 78950?
5
What is the thousands digit of 1136?
1
What is the ten thousands digit of 15410274?
1
What is the units digit of 128867?
7
What is the hundreds digit of 311644?
6
What is the millions digit of 12535028?
2
What is the hundred thousands digit of 104970?
1
What is the tens digit of 538585?
8
What is the hundred thousands digit of 14213365?
2
What is the hundreds digit of 106464?
4
What is the units digit of 28672688?
8
What is the ten thousands digit of 238237?
3
What is the thousands digit of 79446?
9
What is the units digit of 1741228?
8
What is the ten thousands digit of 246256?
4
What is the hundreds digit of 4356691?
6
What is the thousands digit of 353052?
3
What is the hundred thousands digit of 4544132?
5
What is the tens digit of 4095092?
9
What is t